{"id":592,"date":"2017-12-13T08:38:46","date_gmt":"2017-12-13T08:38:46","guid":{"rendered":"https:\/\/dauridiogo.com\/index.php\/contact\/"},"modified":"2022-04-12T04:41:16","modified_gmt":"2022-04-12T04:41:16","slug":"contact","status":"publish","type":"page","link":"https:\/\/dauridiogo.com\/index.php\/contact\/","title":{"rendered":"Contato"},"content":{"rendered":"\t\t<div data-elementor-type=\"wp-post\" data-elementor-id=\"592\" class=\"elementor elementor-592\">\n\t\t\t\t\t\t<section class=\"elementor-section elementor-top-section elementor-element elementor-element-fae5fb9 elementor-section-boxed elementor-section-height-default elementor-section-height-default\" data-id=\"fae5fb9\" data-element_type=\"section\" data-e-type=\"section\" data-settings=\"{&quot;background_background&quot;:&quot;gradient&quot;}\">\n\t\t\t\t\t\t<div class=\"elementor-container elementor-column-gap-default\">\n\t\t\t\t\t<div class=\"elementor-column elementor-col-100 elementor-top-column elementor-element elementor-element-357ba4e\" data-id=\"357ba4e\" data-element_type=\"column\" data-e-type=\"column\">\n\t\t\t<div class=\"elementor-widget-wrap elementor-element-populated\">\n\t\t\t\t\t\t<div class=\"elementor-element elementor-element-40400552 elementor-widget elementor-widget-heading\" data-id=\"40400552\" data-element_type=\"widget\" data-e-type=\"widget\" data-widget_type=\"heading.default\">\n\t\t\t\t<div class=\"elementor-widget-container\">\n\t\t\t\t\t<h1 class=\"elementor-heading-title elementor-size-default\">Contato<\/h1>\t\t\t\t<\/div>\n\t\t\t\t<\/div>\n\t\t\t\t<div class=\"elementor-element elementor-element-4a07847 elementor-widget elementor-widget-wpforms\" data-id=\"4a07847\" data-element_type=\"widget\" data-e-type=\"widget\" data-widget_type=\"wpforms.default\">\n\t\t\t\t<div class=\"elementor-widget-container\">\n\t\t\t\t\t<div class=\"wpforms-container wpforms-container-full\" id=\"wpforms-768\"><form id=\"wpforms-form-768\" class=\"wpforms-validate wpforms-form\" data-formid=\"768\" method=\"post\" enctype=\"multipart\/form-data\" action=\"\/index.php\/wp-json\/wp\/v2\/pages\/592\" data-token=\"a943ee30a35e78a32d8a7c28e85d10c8\" data-token-time=\"1775724630\"><noscript class=\"wpforms-error-noscript\">Ative o JavaScript no seu navegador para preencher este formul\u00e1rio.<\/noscript><div class=\"wpforms-field-container\"><div id=\"wpforms-768-field_0-container\" class=\"wpforms-field wpforms-field-name\" data-field-id=\"0\"><label class=\"wpforms-field-label\">Nome <span class=\"wpforms-required-label\">*<\/span><\/label><div class=\"wpforms-field-row wpforms-field-medium\"><div class=\"wpforms-field-row-block wpforms-first wpforms-one-half\"><input type=\"text\" id=\"wpforms-768-field_0\" class=\"wpforms-field-name-first wpforms-field-required\" name=\"wpforms[fields][0][first]\" required><label for=\"wpforms-768-field_0\" class=\"wpforms-field-sublabel after\">Nome<\/label><\/div><div class=\"wpforms-field-row-block wpforms-one-half\"><input type=\"text\" id=\"wpforms-768-field_0-last\" class=\"wpforms-field-name-last wpforms-field-required\" name=\"wpforms[fields][0][last]\" required><label for=\"wpforms-768-field_0-last\" class=\"wpforms-field-sublabel after\">Sobrenome<\/label><\/div><\/div><\/div><div id=\"wpforms-768-field_1-container\" class=\"wpforms-field wpforms-field-email\" data-field-id=\"1\"><label class=\"wpforms-field-label\" for=\"wpforms-768-field_1\">E-mail <span class=\"wpforms-required-label\">*<\/span><\/label><input type=\"email\" id=\"wpforms-768-field_1\" class=\"wpforms-field-medium wpforms-field-required\" name=\"wpforms[fields][1]\" spellcheck=\"false\" required><\/div><div id=\"wpforms-768-field_2-container\" class=\"wpforms-field wpforms-field-textarea\" data-field-id=\"2\"><label class=\"wpforms-field-label\" for=\"wpforms-768-field_2\">Coment\u00e1rio ou Mensagem <span class=\"wpforms-required-label\">*<\/span><\/label><textarea id=\"wpforms-768-field_2\" class=\"wpforms-field-medium wpforms-field-required\" name=\"wpforms[fields][2]\" required><\/textarea><\/div><\/div><!-- .wpforms-field-container --><div class=\"wpforms-recaptcha-container wpforms-is-recaptcha wpforms-is-recaptcha-type-v2\" ><div class=\"g-recaptcha\" data-sitekey=\"6LfDKNEaAAAAANsudjnXoJXryFYRBw4NQi0aOPxF\"><\/div><input type=\"text\" name=\"g-recaptcha-hidden\" class=\"wpforms-recaptcha-hidden\" style=\"position:absolute!important;clip:rect(0,0,0,0)!important;height:1px!important;width:1px!important;border:0!important;overflow:hidden!important;padding:0!important;margin:0!important;\" data-rule-recaptcha=\"1\"><\/div><div class=\"wpforms-submit-container\" ><input type=\"hidden\" name=\"wpforms[id]\" value=\"768\"><input type=\"hidden\" name=\"page_title\" value=\"\"><input type=\"hidden\" name=\"page_url\" value=\"https:\/\/dauridiogo.com\/index.php\/wp-json\/wp\/v2\/pages\/592\"><input type=\"hidden\" name=\"url_referer\" value=\"\"><button type=\"submit\" name=\"wpforms[submit]\" id=\"wpforms-submit-768\" class=\"wpforms-submit\" data-alt-text=\"Enviando...\" data-submit-text=\"Enviar\" aria-live=\"assertive\" value=\"wpforms-submit\">Enviar<\/button><\/div><\/form><\/div>  <!-- .wpforms-container -->\t\t\t\t<\/div>\n\t\t\t\t<\/div>\n\t\t\t\t<div class=\"elementor-element elementor-element-45c4cb0 animated-slow elementor-invisible elementor-widget elementor-widget-google_maps\" data-id=\"45c4cb0\" data-element_type=\"widget\" data-e-type=\"widget\" data-settings=\"{&quot;_animation&quot;:&quot;fadeIn&quot;}\" data-widget_type=\"google_maps.default\">\n\t\t\t\t<div class=\"elementor-widget-container\">\n\t\t\t\t\t\t\t<div class=\"elementor-custom-embed\">\n\t\t\t<iframe loading=\"lazy\"\n\t\t\t\t\tsrc=\"https:\/\/maps.google.com\/maps?q=Rua%20Araujo%20Bastos%2C%20Pitua%C3%A7u%2C%20Salvador%2C%20Brasil&#038;t=m&#038;z=15&#038;output=embed&#038;iwloc=near\"\n\t\t\t\t\ttitle=\"Rua Araujo Bastos, Pitua\u00e7u, Salvador, Brasil\"\n\t\t\t\t\taria-label=\"Rua Araujo Bastos, Pitua\u00e7u, Salvador, Brasil\"\n\t\t\t><\/iframe>\n\t\t<\/div>\n\t\t\t\t\t\t<\/div>\n\t\t\t\t<\/div>\n\t\t\t\t<div class=\"elementor-element elementor-element-ae54276 elementor-widget elementor-widget-heading\" data-id=\"ae54276\" data-element_type=\"widget\" data-e-type=\"widget\" data-widget_type=\"heading.default\">\n\t\t\t\t<div class=\"elementor-widget-container\">\n\t\t\t\t\t<h4 class=\"elementor-heading-title elementor-size-default\">Pitua\u00e7u, Salvador, Bahia, Brasil<\/h4>\t\t\t\t<\/div>\n\t\t\t\t<\/div>\n\t\t\t\t\t<\/div>\n\t\t<\/div>\n\t\t\t\t\t<\/div>\n\t\t<\/section>\n\t\t\t\t<\/div>\n\t\t","protected":false},"excerpt":{"rendered":"<p>Contato Pitua\u00e7u, Salvador, Bahia, Brasil<\/p>\n","protected":false},"author":1,"featured_media":0,"parent":0,"menu_order":0,"comment_status":"closed","ping_status":"closed","template":"","meta":{"om_disable_all_campaigns":false,"_monsterinsights_skip_tracking":false,"_monsterinsights_sitenote_active":false,"_monsterinsights_sitenote_note":"","_monsterinsights_sitenote_category":0,"_uf_show_specific_survey":0,"_uf_disable_surveys":false,"site-sidebar-layout":"no-sidebar","site-content-layout":"page-builder","ast-site-content-layout":"default","site-content-style":"default","site-sidebar-style":"default","ast-global-header-display":"","ast-banner-title-visibility":"","ast-main-header-display":"","ast-hfb-above-header-display":"","ast-hfb-below-header-display":"","ast-hfb-mobile-header-display":"","site-post-title":"disabled","ast-breadcrumbs-content":"","ast-featured-img":"disabled","footer-sml-layout":"","ast-disable-related-posts":"","theme-transparent-header-meta":"default","adv-header-id-meta":"","stick-header-meta":"","header-above-stick-meta":"","header-main-stick-meta":"","header-below-stick-meta":"","astra-migrate-meta-layouts":"default","ast-page-background-enabled":"default","ast-page-background-meta":{"desktop":{"background-color":"","background-image":"","background-repeat":"repeat","background-position":"center center","background-size":"auto","background-attachment":"scroll","background-type":"","background-media":"","overlay-type":"","overlay-color":"","overlay-opacity":"","overlay-gradient":""},"tablet":{"background-color":"","background-image":"","background-repeat":"repeat","background-position":"center center","background-size":"auto","background-attachment":"scroll","background-type":"","background-media":"","overlay-type":"","overlay-color":"","overlay-opacity":"","overlay-gradient":""},"mobile":{"background-color":"","background-image":"","background-repeat":"repeat","background-position":"center center","background-size":"auto","background-attachment":"scroll","background-type":"","background-media":"","overlay-type":"","overlay-color":"","overlay-opacity":"","overlay-gradient":""}},"ast-content-background-meta":{"desktop":{"background-color":"var(--ast-global-color-5)","background-image":"","background-repeat":"repeat","background-position":"center center","background-size":"auto","background-attachment":"scroll","background-type":"","background-media":"","overlay-type":"","overlay-color":"","overlay-opacity":"","overlay-gradient":""},"tablet":{"background-color":"var(--ast-global-color-5)","background-image":"","background-repeat":"repeat","background-position":"center center","background-size":"auto","background-attachment":"scroll","background-type":"","background-media":"","overlay-type":"","overlay-color":"","overlay-opacity":"","overlay-gradient":""},"mobile":{"background-color":"var(--ast-global-color-5)","background-image":"","background-repeat":"repeat","background-position":"center center","background-size":"auto","background-attachment":"scroll","background-type":"","background-media":"","overlay-type":"","overlay-color":"","overlay-opacity":"","overlay-gradient":""}},"footnotes":""},"class_list":["post-592","page","type-page","status-publish","hentry"],"yoast_head":"<!-- This site is optimized with the Yoast SEO plugin v27.3 - https:\/\/yoast.com\/product\/yoast-seo-wordpress\/ -->\n<title>Contato &#8211; Dauri Diogo<\/title>\n<meta name=\"description\" content=\"P\u00e1gina de contato do artista pl\u00e1stico contempor\u00e2neo Dauri Diogo. Informa\u00e7\u00f5es sobre suas obras e carreira art\u00edstica\" \/>\n<meta name=\"robots\" content=\"index, follow, max-snippet:-1, max-image-preview:large, max-video-preview:-1\" \/>\n<link rel=\"canonical\" href=\"https:\/\/dauridiogo.com\/index.php\/contact\/\" \/>\n<meta property=\"og:locale\" content=\"pt_BR\" \/>\n<meta property=\"og:type\" content=\"article\" \/>\n<meta property=\"og:title\" content=\"Contato &#8211; Dauri Diogo\" \/>\n<meta property=\"og:description\" content=\"P\u00e1gina de contato do artista pl\u00e1stico contempor\u00e2neo Dauri Diogo. Informa\u00e7\u00f5es sobre suas obras e carreira art\u00edstica\" \/>\n<meta property=\"og:url\" content=\"https:\/\/dauridiogo.com\/index.php\/contact\/\" \/>\n<meta property=\"og:site_name\" content=\"Dauri Diogo\" \/>\n<meta property=\"article:publisher\" content=\"https:\/\/facebook.com\/dauridiogo\" \/>\n<meta property=\"article:modified_time\" content=\"2022-04-12T04:41:16+00:00\" \/>\n<meta property=\"og:image\" content=\"https:\/\/dauridiogo.com\/wp-content\/uploads\/2022\/03\/sobre_mim_dauri_diogo.jpg\" \/>\n\t<meta property=\"og:image:width\" content=\"800\" \/>\n\t<meta property=\"og:image:height\" content=\"979\" \/>\n\t<meta property=\"og:image:type\" content=\"image\/jpeg\" \/>\n<meta name=\"twitter:card\" content=\"summary_large_image\" \/>\n<meta name=\"twitter:site\" content=\"@dauridiogo\" \/>\n<meta name=\"twitter:label1\" content=\"Est. tempo de leitura\" \/>\n\t<meta name=\"twitter:data1\" content=\"1 minuto\" \/>\n<script type=\"application\/ld+json\" class=\"yoast-schema-graph\">{\"@context\":\"https:\\\/\\\/schema.org\",\"@graph\":[{\"@type\":\"WebPage\",\"@id\":\"https:\\\/\\\/dauridiogo.com\\\/index.php\\\/contact\\\/\",\"url\":\"https:\\\/\\\/dauridiogo.com\\\/index.php\\\/contact\\\/\",\"name\":\"Contato &#8211; Dauri Diogo\",\"isPartOf\":{\"@id\":\"https:\\\/\\\/dauridiogo.com\\\/#website\"},\"datePublished\":\"2017-12-13T08:38:46+00:00\",\"dateModified\":\"2022-04-12T04:41:16+00:00\",\"description\":\"P\u00e1gina de contato do artista pl\u00e1stico contempor\u00e2neo Dauri Diogo. Informa\u00e7\u00f5es sobre suas obras e carreira art\u00edstica\",\"breadcrumb\":{\"@id\":\"https:\\\/\\\/dauridiogo.com\\\/index.php\\\/contact\\\/#breadcrumb\"},\"inLanguage\":\"pt-BR\",\"potentialAction\":[{\"@type\":\"ReadAction\",\"target\":[\"https:\\\/\\\/dauridiogo.com\\\/index.php\\\/contact\\\/\"]}]},{\"@type\":\"BreadcrumbList\",\"@id\":\"https:\\\/\\\/dauridiogo.com\\\/index.php\\\/contact\\\/#breadcrumb\",\"itemListElement\":[{\"@type\":\"ListItem\",\"position\":1,\"name\":\"In\u00edcio\",\"item\":\"https:\\\/\\\/dauridiogo.com\\\/\"},{\"@type\":\"ListItem\",\"position\":2,\"name\":\"Contato\"}]},{\"@type\":\"WebSite\",\"@id\":\"https:\\\/\\\/dauridiogo.com\\\/#website\",\"url\":\"https:\\\/\\\/dauridiogo.com\\\/\",\"name\":\"Dauri Diogo\",\"description\":\"Pinturas e m\u00fasicas do artista pl\u00e1stico Dauri Diogo\",\"publisher\":{\"@id\":\"https:\\\/\\\/dauridiogo.com\\\/#\\\/schema\\\/person\\\/0fa33063310f8559124886f7e3c276a7\"},\"potentialAction\":[{\"@type\":\"SearchAction\",\"target\":{\"@type\":\"EntryPoint\",\"urlTemplate\":\"https:\\\/\\\/dauridiogo.com\\\/?s={search_term_string}\"},\"query-input\":{\"@type\":\"PropertyValueSpecification\",\"valueRequired\":true,\"valueName\":\"search_term_string\"}}],\"inLanguage\":\"pt-BR\"},{\"@type\":[\"Person\",\"Organization\"],\"@id\":\"https:\\\/\\\/dauridiogo.com\\\/#\\\/schema\\\/person\\\/0fa33063310f8559124886f7e3c276a7\",\"name\":\"dauridiogo\",\"image\":{\"@type\":\"ImageObject\",\"inLanguage\":\"pt-BR\",\"@id\":\"https:\\\/\\\/dauridiogo.com\\\/wp-content\\\/uploads\\\/2022\\\/03\\\/sobre_mim_dauri_diogo.jpg\",\"url\":\"https:\\\/\\\/dauridiogo.com\\\/wp-content\\\/uploads\\\/2022\\\/03\\\/sobre_mim_dauri_diogo.jpg\",\"contentUrl\":\"https:\\\/\\\/dauridiogo.com\\\/wp-content\\\/uploads\\\/2022\\\/03\\\/sobre_mim_dauri_diogo.jpg\",\"width\":800,\"height\":979,\"caption\":\"dauridiogo\"},\"logo\":{\"@id\":\"https:\\\/\\\/dauridiogo.com\\\/wp-content\\\/uploads\\\/2022\\\/03\\\/sobre_mim_dauri_diogo.jpg\"},\"description\":\"Artista pl\u00e1stico paulista radicado na Bahia. Artista apreciador da arte e boas informa\u00e7\u00f5es culturais.\",\"sameAs\":[\"https:\\\/\\\/dauridiogo.com\",\"https:\\\/\\\/facebook.com\\\/dauridiogo\",\"https:\\\/\\\/www.instagram.com\\\/dauridiogo\",\"https:\\\/\\\/www.linkedin.com\\\/in\\\/dauri-diogo-82980754\\\/\",\"https:\\\/\\\/pinterest.com\\\/dauridigo\",\"https:\\\/\\\/x.com\\\/dauridiogo\",\"https:\\\/\\\/www.youtube.com\\\/user\\\/dauridiogo\"]}]}<\/script>\n<!-- \/ Yoast SEO plugin. -->","yoast_head_json":{"title":"Contato &#8211; Dauri Diogo","description":"P\u00e1gina de contato do artista pl\u00e1stico contempor\u00e2neo Dauri Diogo. Informa\u00e7\u00f5es sobre suas obras e carreira art\u00edstica","robots":{"index":"index","follow":"follow","max-snippet":"max-snippet:-1","max-image-preview":"max-image-preview:large","max-video-preview":"max-video-preview:-1"},"canonical":"https:\/\/dauridiogo.com\/index.php\/contact\/","og_locale":"pt_BR","og_type":"article","og_title":"Contato &#8211; Dauri Diogo","og_description":"P\u00e1gina de contato do artista pl\u00e1stico contempor\u00e2neo Dauri Diogo. Informa\u00e7\u00f5es sobre suas obras e carreira art\u00edstica","og_url":"https:\/\/dauridiogo.com\/index.php\/contact\/","og_site_name":"Dauri Diogo","article_publisher":"https:\/\/facebook.com\/dauridiogo","article_modified_time":"2022-04-12T04:41:16+00:00","og_image":[{"width":800,"height":979,"url":"https:\/\/dauridiogo.com\/wp-content\/uploads\/2022\/03\/sobre_mim_dauri_diogo.jpg","type":"image\/jpeg"}],"twitter_card":"summary_large_image","twitter_site":"@dauridiogo","twitter_misc":{"Est. tempo de leitura":"1 minuto"},"schema":{"@context":"https:\/\/schema.org","@graph":[{"@type":"WebPage","@id":"https:\/\/dauridiogo.com\/index.php\/contact\/","url":"https:\/\/dauridiogo.com\/index.php\/contact\/","name":"Contato &#8211; Dauri Diogo","isPartOf":{"@id":"https:\/\/dauridiogo.com\/#website"},"datePublished":"2017-12-13T08:38:46+00:00","dateModified":"2022-04-12T04:41:16+00:00","description":"P\u00e1gina de contato do artista pl\u00e1stico contempor\u00e2neo Dauri Diogo. Informa\u00e7\u00f5es sobre suas obras e carreira art\u00edstica","breadcrumb":{"@id":"https:\/\/dauridiogo.com\/index.php\/contact\/#breadcrumb"},"inLanguage":"pt-BR","potentialAction":[{"@type":"ReadAction","target":["https:\/\/dauridiogo.com\/index.php\/contact\/"]}]},{"@type":"BreadcrumbList","@id":"https:\/\/dauridiogo.com\/index.php\/contact\/#breadcrumb","itemListElement":[{"@type":"ListItem","position":1,"name":"In\u00edcio","item":"https:\/\/dauridiogo.com\/"},{"@type":"ListItem","position":2,"name":"Contato"}]},{"@type":"WebSite","@id":"https:\/\/dauridiogo.com\/#website","url":"https:\/\/dauridiogo.com\/","name":"Dauri Diogo","description":"Pinturas e m\u00fasicas do artista pl\u00e1stico Dauri Diogo","publisher":{"@id":"https:\/\/dauridiogo.com\/#\/schema\/person\/0fa33063310f8559124886f7e3c276a7"},"potentialAction":[{"@type":"SearchAction","target":{"@type":"EntryPoint","urlTemplate":"https:\/\/dauridiogo.com\/?s={search_term_string}"},"query-input":{"@type":"PropertyValueSpecification","valueRequired":true,"valueName":"search_term_string"}}],"inLanguage":"pt-BR"},{"@type":["Person","Organization"],"@id":"https:\/\/dauridiogo.com\/#\/schema\/person\/0fa33063310f8559124886f7e3c276a7","name":"dauridiogo","image":{"@type":"ImageObject","inLanguage":"pt-BR","@id":"https:\/\/dauridiogo.com\/wp-content\/uploads\/2022\/03\/sobre_mim_dauri_diogo.jpg","url":"https:\/\/dauridiogo.com\/wp-content\/uploads\/2022\/03\/sobre_mim_dauri_diogo.jpg","contentUrl":"https:\/\/dauridiogo.com\/wp-content\/uploads\/2022\/03\/sobre_mim_dauri_diogo.jpg","width":800,"height":979,"caption":"dauridiogo"},"logo":{"@id":"https:\/\/dauridiogo.com\/wp-content\/uploads\/2022\/03\/sobre_mim_dauri_diogo.jpg"},"description":"Artista pl\u00e1stico paulista radicado na Bahia. Artista apreciador da arte e boas informa\u00e7\u00f5es culturais.","sameAs":["https:\/\/dauridiogo.com","https:\/\/facebook.com\/dauridiogo","https:\/\/www.instagram.com\/dauridiogo","https:\/\/www.linkedin.com\/in\/dauri-diogo-82980754\/","https:\/\/pinterest.com\/dauridigo","https:\/\/x.com\/dauridiogo","https:\/\/www.youtube.com\/user\/dauridiogo"]}]}},"_links":{"self":[{"href":"https:\/\/dauridiogo.com\/index.php\/wp-json\/wp\/v2\/pages\/592","targetHints":{"allow":["GET"]}}],"collection":[{"href":"https:\/\/dauridiogo.com\/index.php\/wp-json\/wp\/v2\/pages"}],"about":[{"href":"https:\/\/dauridiogo.com\/index.php\/wp-json\/wp\/v2\/types\/page"}],"author":[{"embeddable":true,"href":"https:\/\/dauridiogo.com\/index.php\/wp-json\/wp\/v2\/users\/1"}],"replies":[{"embeddable":true,"href":"https:\/\/dauridiogo.com\/index.php\/wp-json\/wp\/v2\/comments?post=592"}],"version-history":[{"count":16,"href":"https:\/\/dauridiogo.com\/index.php\/wp-json\/wp\/v2\/pages\/592\/revisions"}],"predecessor-version":[{"id":1574,"href":"https:\/\/dauridiogo.com\/index.php\/wp-json\/wp\/v2\/pages\/592\/revisions\/1574"}],"wp:attachment":[{"href":"https:\/\/dauridiogo.com\/index.php\/wp-json\/wp\/v2\/media?parent=592"}],"curies":[{"name":"wp","href":"https:\/\/api.w.org\/{rel}","templated":true}]}}