{"id":704,"date":"2021-04-26T08:00:36","date_gmt":"2021-04-26T08:00:36","guid":{"rendered":"https:\/\/dauridiogo.com\/?page_id=704"},"modified":"2022-04-12T04:45:25","modified_gmt":"2022-04-12T04:45:25","slug":"percepcao-do-mundo","status":"publish","type":"page","link":"https:\/\/dauridiogo.com\/index.php\/percepcao-do-mundo\/","title":{"rendered":"Percep\u00e7\u00e3o do Mundo"},"content":{"rendered":"\t\t<div data-elementor-type=\"wp-page\" data-elementor-id=\"704\" class=\"elementor elementor-704\">\n\t\t\t\t\t\t<section class=\"elementor-section elementor-top-section elementor-element elementor-element-867e110 elementor-section-boxed elementor-section-height-default elementor-section-height-default\" data-id=\"867e110\" data-element_type=\"section\" data-e-type=\"section\">\n\t\t\t\t\t\t<div class=\"elementor-container elementor-column-gap-default\">\n\t\t\t\t\t<div class=\"elementor-column elementor-col-100 elementor-top-column elementor-element elementor-element-03a7141\" data-id=\"03a7141\" data-element_type=\"column\" data-e-type=\"column\">\n\t\t\t<div class=\"elementor-widget-wrap elementor-element-populated\">\n\t\t\t\t\t\t<div class=\"elementor-element elementor-element-9752062 elementor-widget elementor-widget-heading\" data-id=\"9752062\" data-element_type=\"widget\" data-e-type=\"widget\" data-widget_type=\"heading.default\">\n\t\t\t\t<div class=\"elementor-widget-container\">\n\t\t\t\t\t<h2 class=\"elementor-heading-title elementor-size-default\">Percep\u00e7\u00e3o do Mundo<\/h2>\t\t\t\t<\/div>\n\t\t\t\t<\/div>\n\t\t\t\t\t<\/div>\n\t\t<\/div>\n\t\t\t\t\t<\/div>\n\t\t<\/section>\n\t\t\t\t<section class=\"elementor-section elementor-top-section elementor-element elementor-element-de91b49 elementor-section-boxed elementor-section-height-default elementor-section-height-default\" data-id=\"de91b49\" data-element_type=\"section\" data-e-type=\"section\">\n\t\t\t\t\t\t<div class=\"elementor-container elementor-column-gap-default\">\n\t\t\t\t\t<div class=\"elementor-column elementor-col-100 elementor-top-column elementor-element elementor-element-574c143\" data-id=\"574c143\" data-element_type=\"column\" data-e-type=\"column\">\n\t\t\t<div class=\"elementor-widget-wrap elementor-element-populated\">\n\t\t\t\t\t\t<div class=\"elementor-element elementor-element-e8b55cc elementor-widget elementor-widget-text-editor\" data-id=\"e8b55cc\" data-element_type=\"widget\" data-e-type=\"widget\" data-widget_type=\"text-editor.default\">\n\t\t\t\t<div class=\"elementor-widget-container\">\n\t\t\t\t\t\t\t\t\t<h4>A arte \u00e9 forma que o artista tem para retratar a sua viv\u00eancia com sensibilidade, para o prazer intelectual de sua pr\u00f3pria exist\u00eancia, e transmitir suas experi\u00eancias art\u00edsticas e de vida para a posteridade.<\/h4><h4>O artista v\u00ea o mundo de uma forma ampla e irrestrita , retratando-a de uma forma l\u00fadica e cr\u00edtica para o crescimento intelectual e bem estar social.A arte \u00e9 imortal, portanto temos todo o tempo do mundo.<\/h4><h4>\u00c9 como um bom vinho e seu apreciador; ou seja, tem a ver com o tempo e com a consci\u00eancia do mesmo. Pois que, a medida em que esta consci\u00eancia desperta, amadurece uma maior vis\u00e3o cr\u00edtica, e principalmente, uma maior a qualidade cr\u00edtica.<\/h4><h4>O grande impacto do meu trabalho \u00e9 conseguir que o ser humano se auto-analise. E que este ser humano tenha a consci\u00eancia de que \u00e9 necess\u00e1rio chegar a ess\u00eancia da vida.<\/h4><h4>Assim como minhas figuras geom\u00e9tricas, \u2013 quase sempre com a cabe\u00e7a fora do lugar, nas laterais da tela, conseguem chegar. Ou seja, meditando no centro da tela.Na arte o querer \u00e9 poder , porque atrav\u00e9s de um instrumento art\u00edstico podemos realizar o irrealiz\u00e1vel e transformar o invi\u00e1vel em realidade. \u00c9 como dar asas a quem n\u00e3o \u00e9 de direito.<\/h4><h4>Portanto, minha arte n\u00e3o \u00e9 mais uma forma t\u00e9cnica que tenho para expressar e transmitir sentimentos em formas e cores. Ela \u00e9 minha pr\u00f3pria vida. \u00c9 um c\u00e1lice de vinho em brinde permanente \u00e0 felicidade. S\u00e3o as cores do lugar que me \u00e9 poss\u00edvel para a cria\u00e7\u00e3o e a criatura que me \u00e9 dada a conceber.<\/h4><h4>Meu sonho \u00e9 ver a humanidade tomando este c\u00e1lice. Que \u00e9 o c\u00e1lice da vida, da compreens\u00e3o e da valoriza\u00e7\u00e3o da arte de qualidade. Transformando-se em p\u00fablico ideal para o artista.<\/h4><h4>Compartilhando a mesma necessidade de conhecimento, discernimento e assimila\u00e7\u00e3o de forma cr\u00edtica das realiza\u00e7\u00f5es art\u00edsticas.<\/h4>\t\t\t\t\t\t\t\t<\/div>\n\t\t\t\t<\/div>\n\t\t\t\t\t<\/div>\n\t\t<\/div>\n\t\t\t\t\t<\/div>\n\t\t<\/section>\n\t\t\t\t<\/div>\n\t\t","protected":false},"excerpt":{"rendered":"<p>Percep\u00e7\u00e3o do Mundo A arte \u00e9 forma que o artista tem para retratar a sua viv\u00eancia com sensibilidade, para o prazer intelectual de sua pr\u00f3pria exist\u00eancia, e transmitir suas experi\u00eancias art\u00edsticas e de vida para a posteridade. O artista v\u00ea o mundo de uma forma ampla e irrestrita , retratando-a de uma forma l\u00fadica e [&hellip;]<\/p>\n","protected":false},"author":1,"featured_media":0,"parent":0,"menu_order":0,"comment_status":"closed","ping_status":"closed","template":"","meta":{"om_disable_all_campaigns":false,"_monsterinsights_skip_tracking":false,"_monsterinsights_sitenote_active":false,"_monsterinsights_sitenote_note":"","_monsterinsights_sitenote_category":0,"_uf_show_specific_survey":0,"_uf_disable_surveys":false,"site-sidebar-layout":"no-sidebar","site-content-layout":"page-builder","ast-site-content-layout":"default","site-content-style":"default","site-sidebar-style":"default","ast-global-header-display":"","ast-banner-title-visibility":"","ast-main-header-display":"","ast-hfb-above-header-display":"","ast-hfb-below-header-display":"","ast-hfb-mobile-header-display":"","site-post-title":"disabled","ast-breadcrumbs-content":"","ast-featured-img":"disabled","footer-sml-layout":"","ast-disable-related-posts":"","theme-transparent-header-meta":"default","adv-header-id-meta":"","stick-header-meta":"","header-above-stick-meta":"","header-main-stick-meta":"","header-below-stick-meta":"","astra-migrate-meta-layouts":"default","ast-page-background-enabled":"default","ast-page-background-meta":{"desktop":{"background-color":"","background-image":"","background-repeat":"repeat","background-position":"center center","background-size":"auto","background-attachment":"scroll","background-type":"","background-media":"","overlay-type":"","overlay-color":"","overlay-opacity":"","overlay-gradient":""},"tablet":{"background-color":"","background-image":"","background-repeat":"repeat","background-position":"center center","background-size":"auto","background-attachment":"scroll","background-type":"","background-media":"","overlay-type":"","overlay-color":"","overlay-opacity":"","overlay-gradient":""},"mobile":{"background-color":"","background-image":"","background-repeat":"repeat","background-position":"center center","background-size":"auto","background-attachment":"scroll","background-type":"","background-media":"","overlay-type":"","overlay-color":"","overlay-opacity":"","overlay-gradient":""}},"ast-content-background-meta":{"desktop":{"background-color":"var(--ast-global-color-5)","background-image":"","background-repeat":"repeat","background-position":"center center","background-size":"auto","background-attachment":"scroll","background-type":"","background-media":"","overlay-type":"","overlay-color":"","overlay-opacity":"","overlay-gradient":""},"tablet":{"background-color":"var(--ast-global-color-5)","background-image":"","background-repeat":"repeat","background-position":"center center","background-size":"auto","background-attachment":"scroll","background-type":"","background-media":"","overlay-type":"","overlay-color":"","overlay-opacity":"","overlay-gradient":""},"mobile":{"background-color":"var(--ast-global-color-5)","background-image":"","background-repeat":"repeat","background-position":"center center","background-size":"auto","background-attachment":"scroll","background-type":"","background-media":"","overlay-type":"","overlay-color":"","overlay-opacity":"","overlay-gradient":""}},"footnotes":""},"class_list":["post-704","page","type-page","status-publish","hentry"],"yoast_head":"<!-- This site is optimized with the Yoast SEO plugin v27.3 - https:\/\/yoast.com\/product\/yoast-seo-wordpress\/ -->\n<title>Percep\u00e7\u00e3o do Mundo &#8211; Dauri Diogo<\/title>\n<meta name=\"description\" content=\"Vis\u00e3o do artista pl\u00e1stico Dauri Diogo, sobre o ser humano e a natureza. Vis\u00e3o reflexiva e construtiva do bem viver.\" \/>\n<meta name=\"robots\" content=\"index, follow, max-snippet:-1, max-image-preview:large, max-video-preview:-1\" \/>\n<link rel=\"canonical\" href=\"https:\/\/dauridiogo.com\/index.php\/percepcao-do-mundo\/\" \/>\n<meta property=\"og:locale\" content=\"pt_BR\" \/>\n<meta property=\"og:type\" content=\"article\" \/>\n<meta property=\"og:title\" content=\"Percep\u00e7\u00e3o do Mundo &#8211; Dauri Diogo\" \/>\n<meta property=\"og:description\" content=\"Vis\u00e3o do artista pl\u00e1stico Dauri Diogo, sobre o ser humano e a natureza. Vis\u00e3o reflexiva e construtiva do bem viver.\" \/>\n<meta property=\"og:url\" content=\"https:\/\/dauridiogo.com\/index.php\/percepcao-do-mundo\/\" \/>\n<meta property=\"og:site_name\" content=\"Dauri Diogo\" \/>\n<meta property=\"article:publisher\" content=\"https:\/\/facebook.com\/dauridiogo\" \/>\n<meta property=\"article:modified_time\" content=\"2022-04-12T04:45:25+00:00\" \/>\n<meta property=\"og:image\" content=\"https:\/\/dauridiogo.com\/wp-content\/uploads\/2022\/03\/sobre_mim_dauri_diogo.jpg\" \/>\n\t<meta property=\"og:image:width\" content=\"800\" \/>\n\t<meta property=\"og:image:height\" content=\"979\" \/>\n\t<meta property=\"og:image:type\" content=\"image\/jpeg\" \/>\n<meta name=\"twitter:card\" content=\"summary_large_image\" \/>\n<meta name=\"twitter:site\" content=\"@dauridiogo\" \/>\n<meta name=\"twitter:label1\" content=\"Est. tempo de leitura\" \/>\n\t<meta name=\"twitter:data1\" content=\"2 minutos\" \/>\n<script type=\"application\/ld+json\" class=\"yoast-schema-graph\">{\"@context\":\"https:\\\/\\\/schema.org\",\"@graph\":[{\"@type\":\"WebPage\",\"@id\":\"https:\\\/\\\/dauridiogo.com\\\/index.php\\\/percepcao-do-mundo\\\/\",\"url\":\"https:\\\/\\\/dauridiogo.com\\\/index.php\\\/percepcao-do-mundo\\\/\",\"name\":\"Percep\u00e7\u00e3o do Mundo &#8211; Dauri Diogo\",\"isPartOf\":{\"@id\":\"https:\\\/\\\/dauridiogo.com\\\/#website\"},\"datePublished\":\"2021-04-26T08:00:36+00:00\",\"dateModified\":\"2022-04-12T04:45:25+00:00\",\"description\":\"Vis\u00e3o do artista pl\u00e1stico Dauri Diogo, sobre o ser humano e a natureza. Vis\u00e3o reflexiva e construtiva do bem viver.\",\"breadcrumb\":{\"@id\":\"https:\\\/\\\/dauridiogo.com\\\/index.php\\\/percepcao-do-mundo\\\/#breadcrumb\"},\"inLanguage\":\"pt-BR\",\"potentialAction\":[{\"@type\":\"ReadAction\",\"target\":[\"https:\\\/\\\/dauridiogo.com\\\/index.php\\\/percepcao-do-mundo\\\/\"]}]},{\"@type\":\"BreadcrumbList\",\"@id\":\"https:\\\/\\\/dauridiogo.com\\\/index.php\\\/percepcao-do-mundo\\\/#breadcrumb\",\"itemListElement\":[{\"@type\":\"ListItem\",\"position\":1,\"name\":\"In\u00edcio\",\"item\":\"https:\\\/\\\/dauridiogo.com\\\/\"},{\"@type\":\"ListItem\",\"position\":2,\"name\":\"Percep\u00e7\u00e3o do Mundo\"}]},{\"@type\":\"WebSite\",\"@id\":\"https:\\\/\\\/dauridiogo.com\\\/#website\",\"url\":\"https:\\\/\\\/dauridiogo.com\\\/\",\"name\":\"Dauri Diogo\",\"description\":\"Pinturas e m\u00fasicas do artista pl\u00e1stico Dauri Diogo\",\"publisher\":{\"@id\":\"https:\\\/\\\/dauridiogo.com\\\/#\\\/schema\\\/person\\\/0fa33063310f8559124886f7e3c276a7\"},\"potentialAction\":[{\"@type\":\"SearchAction\",\"target\":{\"@type\":\"EntryPoint\",\"urlTemplate\":\"https:\\\/\\\/dauridiogo.com\\\/?s={search_term_string}\"},\"query-input\":{\"@type\":\"PropertyValueSpecification\",\"valueRequired\":true,\"valueName\":\"search_term_string\"}}],\"inLanguage\":\"pt-BR\"},{\"@type\":[\"Person\",\"Organization\"],\"@id\":\"https:\\\/\\\/dauridiogo.com\\\/#\\\/schema\\\/person\\\/0fa33063310f8559124886f7e3c276a7\",\"name\":\"dauridiogo\",\"image\":{\"@type\":\"ImageObject\",\"inLanguage\":\"pt-BR\",\"@id\":\"https:\\\/\\\/dauridiogo.com\\\/wp-content\\\/uploads\\\/2022\\\/03\\\/sobre_mim_dauri_diogo.jpg\",\"url\":\"https:\\\/\\\/dauridiogo.com\\\/wp-content\\\/uploads\\\/2022\\\/03\\\/sobre_mim_dauri_diogo.jpg\",\"contentUrl\":\"https:\\\/\\\/dauridiogo.com\\\/wp-content\\\/uploads\\\/2022\\\/03\\\/sobre_mim_dauri_diogo.jpg\",\"width\":800,\"height\":979,\"caption\":\"dauridiogo\"},\"logo\":{\"@id\":\"https:\\\/\\\/dauridiogo.com\\\/wp-content\\\/uploads\\\/2022\\\/03\\\/sobre_mim_dauri_diogo.jpg\"},\"description\":\"Artista pl\u00e1stico paulista radicado na Bahia. Artista apreciador da arte e boas informa\u00e7\u00f5es culturais.\",\"sameAs\":[\"https:\\\/\\\/dauridiogo.com\",\"https:\\\/\\\/facebook.com\\\/dauridiogo\",\"https:\\\/\\\/www.instagram.com\\\/dauridiogo\",\"https:\\\/\\\/www.linkedin.com\\\/in\\\/dauri-diogo-82980754\\\/\",\"https:\\\/\\\/pinterest.com\\\/dauridigo\",\"https:\\\/\\\/x.com\\\/dauridiogo\",\"https:\\\/\\\/www.youtube.com\\\/user\\\/dauridiogo\"]}]}<\/script>\n<!-- \/ Yoast SEO plugin. -->","yoast_head_json":{"title":"Percep\u00e7\u00e3o do Mundo &#8211; Dauri Diogo","description":"Vis\u00e3o do artista pl\u00e1stico Dauri Diogo, sobre o ser humano e a natureza. Vis\u00e3o reflexiva e construtiva do bem viver.","robots":{"index":"index","follow":"follow","max-snippet":"max-snippet:-1","max-image-preview":"max-image-preview:large","max-video-preview":"max-video-preview:-1"},"canonical":"https:\/\/dauridiogo.com\/index.php\/percepcao-do-mundo\/","og_locale":"pt_BR","og_type":"article","og_title":"Percep\u00e7\u00e3o do Mundo &#8211; Dauri Diogo","og_description":"Vis\u00e3o do artista pl\u00e1stico Dauri Diogo, sobre o ser humano e a natureza. Vis\u00e3o reflexiva e construtiva do bem viver.","og_url":"https:\/\/dauridiogo.com\/index.php\/percepcao-do-mundo\/","og_site_name":"Dauri Diogo","article_publisher":"https:\/\/facebook.com\/dauridiogo","article_modified_time":"2022-04-12T04:45:25+00:00","og_image":[{"width":800,"height":979,"url":"https:\/\/dauridiogo.com\/wp-content\/uploads\/2022\/03\/sobre_mim_dauri_diogo.jpg","type":"image\/jpeg"}],"twitter_card":"summary_large_image","twitter_site":"@dauridiogo","twitter_misc":{"Est. tempo de leitura":"2 minutos"},"schema":{"@context":"https:\/\/schema.org","@graph":[{"@type":"WebPage","@id":"https:\/\/dauridiogo.com\/index.php\/percepcao-do-mundo\/","url":"https:\/\/dauridiogo.com\/index.php\/percepcao-do-mundo\/","name":"Percep\u00e7\u00e3o do Mundo &#8211; Dauri Diogo","isPartOf":{"@id":"https:\/\/dauridiogo.com\/#website"},"datePublished":"2021-04-26T08:00:36+00:00","dateModified":"2022-04-12T04:45:25+00:00","description":"Vis\u00e3o do artista pl\u00e1stico Dauri Diogo, sobre o ser humano e a natureza. Vis\u00e3o reflexiva e construtiva do bem viver.","breadcrumb":{"@id":"https:\/\/dauridiogo.com\/index.php\/percepcao-do-mundo\/#breadcrumb"},"inLanguage":"pt-BR","potentialAction":[{"@type":"ReadAction","target":["https:\/\/dauridiogo.com\/index.php\/percepcao-do-mundo\/"]}]},{"@type":"BreadcrumbList","@id":"https:\/\/dauridiogo.com\/index.php\/percepcao-do-mundo\/#breadcrumb","itemListElement":[{"@type":"ListItem","position":1,"name":"In\u00edcio","item":"https:\/\/dauridiogo.com\/"},{"@type":"ListItem","position":2,"name":"Percep\u00e7\u00e3o do Mundo"}]},{"@type":"WebSite","@id":"https:\/\/dauridiogo.com\/#website","url":"https:\/\/dauridiogo.com\/","name":"Dauri Diogo","description":"Pinturas e m\u00fasicas do artista pl\u00e1stico Dauri Diogo","publisher":{"@id":"https:\/\/dauridiogo.com\/#\/schema\/person\/0fa33063310f8559124886f7e3c276a7"},"potentialAction":[{"@type":"SearchAction","target":{"@type":"EntryPoint","urlTemplate":"https:\/\/dauridiogo.com\/?s={search_term_string}"},"query-input":{"@type":"PropertyValueSpecification","valueRequired":true,"valueName":"search_term_string"}}],"inLanguage":"pt-BR"},{"@type":["Person","Organization"],"@id":"https:\/\/dauridiogo.com\/#\/schema\/person\/0fa33063310f8559124886f7e3c276a7","name":"dauridiogo","image":{"@type":"ImageObject","inLanguage":"pt-BR","@id":"https:\/\/dauridiogo.com\/wp-content\/uploads\/2022\/03\/sobre_mim_dauri_diogo.jpg","url":"https:\/\/dauridiogo.com\/wp-content\/uploads\/2022\/03\/sobre_mim_dauri_diogo.jpg","contentUrl":"https:\/\/dauridiogo.com\/wp-content\/uploads\/2022\/03\/sobre_mim_dauri_diogo.jpg","width":800,"height":979,"caption":"dauridiogo"},"logo":{"@id":"https:\/\/dauridiogo.com\/wp-content\/uploads\/2022\/03\/sobre_mim_dauri_diogo.jpg"},"description":"Artista pl\u00e1stico paulista radicado na Bahia. Artista apreciador da arte e boas informa\u00e7\u00f5es culturais.","sameAs":["https:\/\/dauridiogo.com","https:\/\/facebook.com\/dauridiogo","https:\/\/www.instagram.com\/dauridiogo","https:\/\/www.linkedin.com\/in\/dauri-diogo-82980754\/","https:\/\/pinterest.com\/dauridigo","https:\/\/x.com\/dauridiogo","https:\/\/www.youtube.com\/user\/dauridiogo"]}]}},"_links":{"self":[{"href":"https:\/\/dauridiogo.com\/index.php\/wp-json\/wp\/v2\/pages\/704","targetHints":{"allow":["GET"]}}],"collection":[{"href":"https:\/\/dauridiogo.com\/index.php\/wp-json\/wp\/v2\/pages"}],"about":[{"href":"https:\/\/dauridiogo.com\/index.php\/wp-json\/wp\/v2\/types\/page"}],"author":[{"embeddable":true,"href":"https:\/\/dauridiogo.com\/index.php\/wp-json\/wp\/v2\/users\/1"}],"replies":[{"embeddable":true,"href":"https:\/\/dauridiogo.com\/index.php\/wp-json\/wp\/v2\/comments?post=704"}],"version-history":[{"count":5,"href":"https:\/\/dauridiogo.com\/index.php\/wp-json\/wp\/v2\/pages\/704\/revisions"}],"predecessor-version":[{"id":1575,"href":"https:\/\/dauridiogo.com\/index.php\/wp-json\/wp\/v2\/pages\/704\/revisions\/1575"}],"wp:attachment":[{"href":"https:\/\/dauridiogo.com\/index.php\/wp-json\/wp\/v2\/media?parent=704"}],"curies":[{"name":"wp","href":"https:\/\/api.w.org\/{rel}","templated":true}]}}